
Let p(a) = -60*a**2 + 10*a - 19. Let w be p(3). List the prime factors of 6/(-3) - 1 - (w - 3).
23
List the prime factors of 5 + -9 - (-27720 + 25).
27691
List the prime factors of 143/13 - (-825 - -3).
7, 17
Let f = -3263 + 5703. What are the prime factors of f?
2, 5, 61
Suppose -58*n + 107*n = 84*n - 931875. List the prime factors of n.
3, 5, 71
What are the prime factors of 99704/440 + (-3)/5?
2, 113
Let h = 6 + -1. Suppose -v + 5*m = -301, -4*v + 2*m = -3*v - 298. Suppose -l = -h*l + v. List the prime factors of l.
2, 37
Let w(n) = -n**3 + 2*n - 1. Let y be w(1). Suppose 285 = 3*l - y*l. Let r = l - 54. What are the prime factors of r?
41
Suppose -4*d + 737 = 3*m, 12*m - 7*m + d = 1217. Suppose 0 = -5*j - 14 + 39. Suppose -123 = -2*t - 3*w + 39, -j*w + m = 3*t. List the prime factors of t.
3
Let l(m) = -2*m**2 + 2. Let f be l(6). Suppose -237 = -22*t - 545. Let j = t - f. What are the prime factors of j?
2, 7
Let x(m) = 274*m**2 - 7*m**3 + 0*m + 5*m + 6 - 252*m**2. List the prime factors of x(-4).
2, 3, 131
Suppose -2*y - 3*y + 45 = 0. Let b(d) be the first derivative of 5*d**2/2 + d + 8. List the prime factors of b(y).
2, 23
Let m = -75 - -80. Suppose 2*u = -5*q + 1526, 2564 - 1053 = m*q - 3*u. List the prime factors of q.
2, 19
Suppose 10*k - 20*k + 7570 = 0. What are the prime factors of k?
757
Let i(w) = -2*w**2 - w - 7. Let r(t) = 15 + 6*t - 3*t + 9*t**2 - 4*t**2. Let j(n) = 7*i(n) + 3*r(n). List the prime factors of j(-10).
2, 19
Suppose 0 = 5*w - 72*m + 71*m - 5792, -2*m = -w + 1153. What are the prime factors of w?
19, 61
Let w = -568 - -4387. List the prime factors of w.
3, 19, 67
Let d = 3049 - 1939. Suppose 0 = -z + 3*v + 332, 5*z - 530 - d = 5*v. What are the prime factors of z?
2, 163
Suppose 3*i - 157245 = v - 21749, 0 = 3*i + 5*v - 135508. List the prime factors of i.
2, 11, 2053
Let l(s) = -8*s**2 + 2*s + 1. Suppose 2*k + 1 + 1 = 0. Let t be l(k). Let u = 95 + t. List the prime factors of u.
2, 43
Let n = 27 - 6. Let g = n + -23. List the prime factors of (0 + g)*130/(-20).
13
Let o(j) be the first derivative of j**3/3 + j**2 + 61*j - 21. List the prime factors of o(-10).
3, 47
Suppose -3*z - 5*i - 6234 + 31519 = 0, -3*z - i = -25301. List the prime factors of z.
5, 7, 241
Let t = 11574 + -742. List the prime factors of t.
2, 677
Suppose 0 = 4*p + 16, -5*h + 5*p = p - 56. Suppose 4316 = h*k + 18*k. List the prime factors of k.
2, 83
Let v be (6 - 1)/(250/400). Let g(o) = 3*o + 145. List the prime factors of g(v).
13
Suppose 49950 = 7*b - 34*b. What are the prime factors of (-8 + 6)*(b/4 + -3)?
7, 19
Suppose 2*t + 244 = 246. Let s(j) = 277*j**3 - 3*j**2 + 5*j - 2. What are the prime factors of s(t)?
277
Suppose -5*q - 3*q - 64 = 0. Let c(j) = -j**2 - 13*j - 10. Let o be c(q). Suppose t - o = 4*u, -2*t = -3*t - 3*u - 5. What are the prime factors of t?
2, 5
Let k = -206 - -74. Let c = 153 + k. What are the prime factors of c?
3, 7
Let c = -3440 + 6766. What are the prime factors of c?
2, 1663
Let h(j) = -16*j - 86. Let m be h(-6). What are the prime factors of 0 + 568/m + 8/(-10)?
2, 7
Let f = -68569 + 97927. List the prime factors of f.
2, 3, 7, 233
Let m(x) = -x**3 - 19 + 8*x - x - 7*x + 12*x**2. Let s be m(11). Suppose 2*k + g - s = 0, 2*k - 3*g - 162 = -k. List the prime factors of k.
2, 13
Suppose 50*p = 70060 + 261740. What are the prime factors of p?
2, 3, 7, 79
Let i(q) = -595*q + 210. What are the prime factors of i(-16)?
2, 5, 7, 139
Let p(c) = -6*c**3 + 14*c**2 - 2*c - 18. Let j be p(7). Let b = j - -2131. What are the prime factors of b?
727
What are the prime factors of (-29712)/120*(-175)/10?
7, 619
Let w be (16*(-16)/(-160))/(2/20). Suppose 3390 = w*y - 11*y. List the prime factors of y.
2, 3, 113
Let x(n) = 3*n**3 - 25*n**2 - 11*n - 514. List the prime factors of x(33).
7, 59, 193
Suppose 2231115 = -51*a + 135*a - 490401. List the prime factors of a.
179, 181
Let z be (-9)/(9/(-3)) - -49. Let m be 0*11/(-66) - -4*14. Suppose -z*h - 468 = -m*h. What are the prime factors of h?
3, 13
Suppose -4*t = 12*t. Let i(c) = 3*c**3 - c**2 + 2*c + 50. List the prime factors of i(t).
2, 5
Let f(h) = 129*h**3 - h**2 + h - 1. Suppose 3*b + d - 4*d - 3 = 0, b = -5*d + 1. Let a be f(b). Suppose 4*v = -0*v + a. What are the prime factors of v?
2
Let q(s) = 305*s + 2617. What are the prime factors of q(-5)?
2, 3, 7, 13
Let u = 31 - 28. Suppose 7 = 2*q - u*q. Let i = 0 - q. What are the prime factors of i?
7
Let c = -9914 + 14195. List the prime factors of c.
3, 1427
List the prime factors of (3 - 1)/((-886)/(-30994052)).
2, 17491
Let w = 15363 + 744. What are the prime factors of w?
3, 7, 13, 59
Let m = -9 - -26. Suppose -m = -7*h - 3. Suppose 4*j - 79 = -5*p, 5*p - 102 = h*j + 1. What are the prime factors of p?
19
Suppose -12 = 18*x - 22*x. Suppose 3*z - 141 = -f, -3*f + 7*f = -x*z + 600. What are the prime factors of f?
3, 17
Let p(r) = -r**3 + 23*r**2 - 6*r + 45. Let a(b) = 2*b**3 - 93*b**2 - 44*b - 119. Let j be a(47). List the prime factors of p(j).
397
What are the prime factors of (-350196)/(-13) + -2 + 728/(-4732)?
2, 7, 13, 37
Let l = 53135 + -37089. List the prime factors of l.
2, 71, 113
Let n(j) = 59*j - 18. Let u(f) = f**3 + 31*f**2 - 32*f + 7. Let h be u(-32). What are the prime factors of n(h)?
5, 79
Suppose 20*k + 10 = 25*k. Suppose -k*u - 3*u = -10. Suppose -3*h = u*d + h - 242, -4*h = -3*d + 393. What are the prime factors of d?
127
Suppose 4*x - 97673 = -5*n, 0 = 2*n - 7*n - 5*x + 97675. What are the prime factors of n?
3, 17, 383
Let p(k) = 1386*k - 42. List the prime factors of p(14).
2, 3, 7, 461
Let q(y) = 445*y**3 - 3*y**2 - 8*y - 10. List the prime factors of q(4).
2, 5, 17, 167
Suppose -3*p - 2*t + 11854 = 2*p, 4*p + 2*t - 9484 = 0. Let h = p - 1508. List the prime factors of h.
2, 431
List the prime factors of ((-10)/4)/(-6*(-2)/(-55320)).
5, 461
Suppose 112922 = 43*v - 122073. List the prime factors of v.
5, 1093
Let c = -6 - -3. Let b be 11/(-3) - -3 - 107/c. What are the prime factors of -2 + ((-9)/(-21) - (-3975)/b)?
2, 7
Suppose 879*j = 892*j - 49062. List the prime factors of j.
2, 3, 17, 37
Let z(x) = x**3 + 15*x**2 + 5. Let a be z(-15). Suppose -a*k = l - 680, l - 289 = -2*k + 4*l. List the prime factors of k.
137
Let u(c) = 42*c**2 - 4*c + 350. What are the prime factors of u(20)?
2, 3, 5, 569
Suppose 0 = -i + 4 + 3. Let b(a) = -2*a**3 - 10*a**2 - 18*a + 106. Let t be b(-12). Suppose t = 7*u + i*u. What are the prime factors of u?
167
Suppose 3427 = 2*x + 2*i - 713, -3*i + 4137 = 2*x. List the prime factors of x.
3, 691
Let r be (-3627)/(-26)*-50*(2 - 1). What are the prime factors of (0 - (-52)/(-6))/(150/r)?
13, 31
Let r be 2/6*(6 - -3). Let w(u) = -4*u**2 - 6 + 0*u**3 - r*u - u**3 + 0*u + 16. What are the prime factors of w(-6)?
2, 5
Let s(j) = j**3 + 21*j**2 + 43*j + 87. What are the prime factors of s(21)?
2, 3, 271
Let z(n) = -138*n**3 + 11*n**2 + 2*n + 5. List the prime factors of z(-3).
2, 239
Let n = -623 - -1588. Let f = n + -508. List the prime factors of f.
457
Let i(v) = 74*v**2 + 76*v + 67. List the prime factors of i(15).
7, 2551
Let u(n) = -3*n + 36. Let j be u(4). Let x(s) = -s**2 + 27*s + 43. What are the prime factors of x(j)?
5, 23
Let t = 32091 - -7668. List the prime factors of t.
3, 29, 457
Suppose j = 221*h - 224*h + 16974, -5*h = -4*j + 67862. What are the prime factors of j?
2, 3, 7, 101
Suppose l - 4789 = 4*h, -2*l - 5*h + 4364 + 5279 = 0. Let y be l/154*-8 + 4/(-22). Let g = -115 - y. What are the prime factors of g?
3, 5
Let j be -3 + 0 + 0 - 240. Let t = 100 - j. What are the prime factors of t?
7
Let h(a) be the third derivative of a**5/60 - 7*a**4/24 - 3*a**3/2 - 19*a**2. Let v be h(7). Let c = v - -64. What are the prime factors of c?
5, 11
List the prime factors of (-9 - (-125)/10)*(-76872)/(-21).
2, 3203
Suppose 1228 = -8*g - 5004. Let m = g + 1132. What are the prime factors of m?
353
Let t(w) = 617*w**2 + 123*w + 660. List the prime factors of t(-5).
2, 5, 7, 13, 17
Suppose 4*m + 1 = 21. Suppose m*r + b - 3*b - 2479 = 0, -r = -4*b - 503. Suppose -11*k = q - 6*k - 235, 0 = 2*q + 5*k - r. What are the prime factors of q?
2, 5, 13
Let q = 1997 + -1119. Suppose 4*y = 642 + q. List the prime factors of y.
2, 5, 19
What are the prime factors of 2 - (-6437 +